7, 781409
What are the prime factors of 4161922540?
2, 5, 59, 953, 3701
List the prime factors of 52149097.
7, 11, 13, 59, 883
List the prime factors of 43692248.
2, 19, 287449
What are the prime factors of 251808151?
7, 35972593
List the prime factors of 28027847.
353, 79399
What are the prime factors of 512352626?
2, 256176313
What are the prime factors of 53864606?
2, 26932303
List the prime factors of 3916715773.
41, 95529653
List the prime factors of 3201683694.
2, 3, 11, 29, 1672771
What are the prime factors of 130650227?
61, 2141807
What are the prime factors of 3260163?
3, 59, 113, 163
List the prime factors of 690105085.
5, 138021017
What are the prime factors of 94032916?
2, 17, 43, 32159
List the prime factors of 186238445.
5, 101, 368789
What are the prime factors of 663951999?
3, 61, 3628153
List the prime factors of 1411790445.
3, 5, 13, 167, 4817
List the prime factors of 472560675.
3, 5, 359, 17551
List the prime factors of 1156249.
1156249
What are the prime factors of 1627406062?
2, 1259, 646309
What are the prime factors of 579214512?
2, 3, 4022323
List the prime factors of 1695452870.
2, 5, 929, 182503
What are the prime factors of 101016777?
3, 33672259
What are the prime factors of 4586764016?
2, 17, 79, 113, 1889
List the prime factors of 10328505.
3, 5, 11, 62597
List the prime factors of 47672565.
3, 5, 293, 10847
List the prime factors of 1488539464.
2, 2447, 76039
What are the prime factors of 294913291?
23, 12822317
List the prime factors of 47040602.
2, 7, 3360043
What are the prime factors of 48782142?
2, 3, 223, 4051
List the prime factors of 209567879.
61, 113, 30403
List the prime factors of 443733891.
3, 9281, 15937
What are the prime factors of 1667102237?
19, 97, 904559
List the prime factors of 457366306.
2, 47, 677, 7187
What are the prime factors of 23105093?
11, 2100463
List the prime factors of 653481047.
6373, 102539
What are the prime factors of 240971150?
2, 5, 7, 29, 23741
What are the prime factors of 109261885?
5, 53, 103, 4003
List the prime factors of 2265743246.
2, 13, 127, 686173
List the prime factors of 129616024.
2, 17, 19, 103, 487
What are the prime factors of 341614661?
19, 43, 59, 373
List the prime factors of 178940593.
13, 73, 157, 1201
List the prime factors of 235357637.
235357637
What are the prime factors of 1491254337?
3, 41, 1301, 9319
List the prime factors of 489792308.
2, 122448077
List the prime factors of 107160379.
107160379
List the prime factors of 580162730.
2, 5, 7, 2617, 3167
What are the prime factors of 2676315736?
2, 47, 7117861
What are the prime factors of 156278914?
2, 11, 19, 137, 2729
What are the prime factors of 40026851?
43, 79, 11783
What are the prime factors of 46352405?
5, 11, 842771
What are the prime factors of 1048659869?
227, 4619647
List the prime factors of 52555801.
29, 1812269
What are the prime factors of 178390257?
3, 59463419
What are the prime factors of 35729473?
13, 53, 3989
What are the prime factors of 372599321?
523, 712427
What are the prime factors of 13447378?
2, 7, 960527
What are the prime factors of 130736784?
2, 3, 23, 79, 1499
What are the prime factors of 36114174?
2, 3, 19, 3911
What are the prime factors of 112960831?
2551, 44281
List the prime factors of 25069550.
2, 5, 11, 19, 2399
What are the prime factors of 530956004?
2, 109, 683, 1783
List the prime factors of 205726115.
5, 7, 197, 29837
List the prime factors of 855283539.
3, 11, 2356153
What are the prime factors of 401486773?
17, 661, 35729
List the prime factors of 37616332.
2, 13, 723391
List the prime factors of 177921527.
7, 71, 271, 1321
What are the prime factors of 70907302?
2, 47, 754333
What are the prime factors of 440125095?
3, 5, 71, 413263
What are the prime factors of 3814512638?
2, 173, 11024603
What are the prime factors of 3082596813?
3, 2141, 159977
List the prime factors of 3858150762.
2, 3, 2239, 95731
What are the prime factors of 1335370077?
3, 17, 761, 3823
List the prime factors of 642502340.
2, 5, 2309, 13913
List the prime factors of 313686418.
2, 113, 311, 4463
List the prime factors of 307917931.
6469, 47599
List the prime factors of 44078263.
17, 929, 2791
What are the prime factors of 1756138998?
2, 3, 17, 107, 160907
What are the prime factors of 595519542?
2, 3, 23, 409, 3517
What are the prime factors of 1139683738?
2, 73, 827, 9439
What are the prime factors of 29408278?
2, 14704139
What are the prime factors of 1931440?
2, 5, 7, 3449
List the prime factors of 62330402.
2, 607, 51343
What are the prime factors of 33510847?
33510847
List the prime factors of 593796427.
7, 84828061
What are the prime factors of 339997928?
2, 42499741
List the prime factors of 58555992.
2, 3, 11, 137, 1619
What are the prime factors of 13347468?
2, 3, 41, 9043
What are the prime factors of 185987313?
3, 83, 149, 557
What are the prime factors of 3314910914?
2, 7, 1399, 169249
What are the prime factors of 40177940?
2, 5, 11, 182627
List the prime factors of 235839022.
2, 83, 1420717
List the prime factors of 1331143353.
3, 47, 3146911
List the prime factors of 65174550.
2, 3, 5, 7, 62071
List the prime factors of 2115724910.
2, 5, 13, 89, 107, 1709
List the prime factors of 16884887.
97, 174071
List the prime factors of 377221397.
7, 59, 139, 6571
What are the prime factors of 27708559?
53, 431, 1213
What are the prime factors of 639439437?
3, 7, 13, 2342269
What are the prime factors of 1634721215?
5, 326944243
What are the prime factors of 170980325?
5, 6839213
List the prime factors of 3051115968.
2, 3, 23, 401, 1723
What are the prime factors of 1117104202?
2, 19, 71, 414049
What are the prime factors of 317594142?
2, 3, 5881373
List the prime factors of 218415450.
2, 3, 5, 11, 19, 6967
List the prime factors of 6577584933.
3, 383, 607, 9431
List the prime factors of 20007662.
2, 10003831
What are the prime factors of 1562030658?
2, 3, 127, 683303
What are the prime factors of 120395410?
2, 5, 37, 71, 4583
What are the prime factors of 68146388?
2, 19, 163, 5501
List the prime factors of 68822051.
68822051
What are the prime factors of 367452148?
2, 7, 127, 103333
List the prime factors of 25829570.
2, 5, 13, 198689
What are the prime factors of 22917796?
2, 11, 43, 12113
What are the prime factors of 3072289375?
5, 4915663
What are the prime factors of 5159318227?
7, 911, 809051
List the prime factors of 747943281.
3, 233, 118891
What are the prime factors of 153521760?
2, 3, 5, 7, 45691
List the prime factors of 434572366.
2, 29, 41, 182747
What are the prime factors of 345535349?
19, 18186071
List the prime factors of 541811361.
3, 7, 13, 251, 7907
What are the prime factors of 180841573?
11, 109, 150827
What are the prime factors of 1630452634?
2, 815226317
List the prime factors of 203057659.
7, 29008237
What are the prime factors of 50106382?
2, 19, 79, 16691
List the prime factors of 1587973363.
37, 42918199
What are the prime factors of 59628245?
5, 103, 115783
List the prime factors of 346824140.
2, 5, 13, 17, 78467
What are the prime factors of 485637823?
11, 44148893
What are the prime factors of 7228113952?
2, 23, 3019, 3253
What are the prime factors of 78216865?
5, 15643373
List the prime factors of 3331832334.
2, 3, 157, 3536977
List the prime factors of 37546495.
5, 7, 21893
What are the prime factors of 237748693?
7, 13, 200971
List the prime factors of 104933049.
3, 13, 29, 92779
What are the prime factors of 519276702?
2, 3, 7, 12363731
What are the prime factors of 136098539?
19, 2411, 2971
What are the prime factors of 298379876?
2, 19, 47, 103, 811
What are the prime factors of 157572199?
2381, 66179
List the prime factors of 687384974.
2, 343692487
What are the prime factors of 233675671?
151, 1547521
What are the prime factors of 116013552?
2, 3, 97, 24917
List the prime factors of 103583350.
2, 5, 13, 37, 59, 73
List the prime factors of 2744453579.
7, 53, 211, 35059
What are the prime factors of 400419268?
2, 43, 71, 32789
List the prime factors of 1874981500.
2, 5, 7, 535709
What are the prime factors of 24183445?
5, 11, 13, 149, 227
List the prime factors of 119163260.
2, 5, 5958163
List the prime factors of 357764810.
2, 5, 13, 487, 5651
List the prime factors of 668196102.
2, 3, 7, 1117, 14243
What are the prime 